 = -q*m - 251 - 639. Let z = m - -125. What is the tens digit of z?
3
Let x(p) = 2*p + 211. Let w be x(0). Let o = w + -106. Suppose 4*f - 5*u = 67, -5*f + u + u + o = 0. What is the units digit of f?
3
Let r = 49 + -41. Let n(p) be the third derivative of 11*p**4/24 + 13*p**3/6 - 19*p**2. What is the units digit of n(r)?
1
Let q(n) = 2*n**3 + 17*n**2 + 2*n - 10. Let x be q(-7). Let u = x - 47. Let g = 97 - u. What is the tens digit of g?
2
Let s = -93 - -96. Suppose -4*c - c + 2*w = -23, 3 = s*w. Suppose -c*y + 87 + 268 = 0. What is the units digit of y?
1
Suppose -362 = -2*z - 5*v - 1717, -1985 = 3*z - 2*v. Let l = z + 963. What is the hundreds digit of l?
2
Let b = 395 - 429. Let s = b - -847. What is the hundreds digit of s?
8
What is the hundreds digit of -5585*((-3)/10 - (-9)/(-18))?
4
Let t = 290 - 278. Suppose 3*f = 5*p + 64, -4*p - t = -2*f + f. What is the units digit of f?
8
Suppose -3*f = -5*n + 14167, 2*f - 360 = 4*n - 9808. Let h = -3050 - f. What is the units digit of h?
4
Suppose -8*s - 8*s = 12*s. What is the units digit of (9747/6 - s)*18/27?
3
Suppose -3*i = -2*i + 2*f - 206, 4*i = f + 815. Suppose 5 = y, 3*u + 5*y = 2767 + i. What is the tens digit of u?
8
Let a(s) = 16*s + 4. Let v be a(2). Suppose -3*q - v = -0*q. What is the units digit of q/(-42) - 304/(-14)?
2
Suppose 277097 = 107*f - 452536. What is the thousands digit of f?
6
What is the ten thousands digit of ((-137)/3*-1)/(100 - 4950271/49503)?
7
Let s(f) = -2*f**3 - 3*f**2 + 16*f + 13874. What is the thousands digit of s(0)?
3
Let l be (2 + 3)*(12 - 14). Let v(m) = -35*m + 18. What is the hundreds digit of v(l)?
3
Let y(u) = 3696*u**2 - 20*u + 13. Let z(k) = 5544*k**2 - 30*k + 20. Let m(t) = -7*y(t) + 5*z(t). What is the units digit of m(1)?
7
Suppose -3511020 = -40*r - 103*r - 20*r. What is the hundreds digit of r?
5
Let l(d) = -10*d**3 + 4*d**2 + 30*d + 482. What is the thousands digit of l(-13)?
2
Let s(b) = -b**3 + 71*b**2 - 98*b - 150. What is the hundreds digit of s(69)?
6
Let r(n) = -6*n**3 - 6*n**2 - 8*n - 5. Let l be r(-4). Let t = -224 + l. Suppose -6*f = t - 343. What is the tens digit of f?
4
Let k = -17 - -21. Let u be k/3*(-1971)/(-18). Suppose 29*d - 27*d = u. What is the tens digit of d?
7
Suppose -2*n + 13 = 3*x, 2*n + 21*x - 8 = 23*x. Suppose -3*r + r = 2*u - 1900, n*r - 5*u = 4780. What is the hundreds digit of r?
9
Let h = 37707 + -21317. What is the hundreds digit of h?
3
Let n(y) = -5*y + 45. Let x be n(6). Suppose -x - 156 = -9*j. What is the tens digit of j?
1
Suppose 12 = 4*g + 4*f, -15 - 6 = 5*g - 4*f. Let s(j) = -265*j + 1. Let v be s(g). Let m = -166 + v. What is the units digit of m?
0
Let l(j) = 4*j**2 - 11*j - 152. Let f be l(15). Suppose 4*h - y + 4*y = f, y = 3*h - 447. What is the hundreds digit of h?
1
Let t(b) = 2*b**2 - 16*b - 49. Let c = -181 + 198. What is the hundreds digit of t(c)?
2
Suppose -w = -3*y + 5053, 0 = -2*w + 10. Let z = y + -581. What is the hundreds digit of z?
1
Let d = -20140 - -33597. What is the units digit of d?
7
Let b(q) = -21*q + 120. Suppose 72*w = 89*w + 187. What is the units digit of b(w)?
1
Let o be (3 - (-707 - 0)) + -6. Suppose 8*j - o = -0*j. What is the tens digit of j?
8
Suppose 0*n + 5*a = n - 17, -3*n + 2*a = -12. Let k be ((-72)/(-10))/n*(-10)/4. What is the tens digit of (4 - 1002/k) + (-2)/6?
1
Let v be (-95 + 14)*1/1. Let f be (0 - (-10)/(-4))*(v + -23). Suppose -2*c - f = -t, -995 = -4*t - 3*c + 2*c. What is the units digit of t?
0
Let k be ((-8)/20)/((-118)/(-120) - 1). Suppose -h - k = 201. Let q = -119 - h. What is the hundreds digit of q?
1
What is the units digit of (18809/35)/(6 - (-354)/(-60))?
4
Let t(b) = -36*b + 46. Let g(u) = 73*u - 94. Let x(p) = -6*g(p) - 11*t(p). What is the tens digit of x(-4)?
2
Suppose 2*m - 5*y - 15481 = 0, 3*m - 4*y - 13916 - 9309 = 0. What is the hundreds digit of m?
7
Let x(g) = -g + 2. Let q be x(2). Let h(s) = 583*s - 2327. Let m be h(4). Suppose 0*i + 2*i - m*u - 217 = 0, -i + 4*u + 113 = q. What is the tens digit of i?
0
Let g = 772 + 166. Let p = -304 - -315. Suppose -p*o + 4*o = -g. What is the units digit of o?
4
Let o = 37 + -8. Let t = -17 + o. Suppose 0 = -3*b + 5*i - i + 260, 0 = 3*i - t. What is the tens digit of b?
9
Suppose 5*o - 13488 = -21*o + 2*o. What is the units digit of o?
2
Let j(k) = 2317*k - 1193. What is the tens digit of j(11)?
9
Let c = -154 - -166. What is the hundreds digit of (c/(-15))/(-4) + (-14156)/(-20)?
7
Suppose -431814 + 2294304 = 115*v - 1277010. What is the thousands digit of v?
7
Let k = -6048 - -13931. What is the thousands digit of k?
7
Let x(c) = 9090*c**2 + 60*c - 10. What is the units digit of x(-2)?
0
Let x(h) = h + 12. Let c be x(-4). Let t be (-2812)/(-6) + -7 + 132/18. Suppose t = -c*i + 1493. What is the units digit of i?
8
Suppose 14*h - 170 - 96 = 0. Suppose h*s - 1225 = -6*s. What is the units digit of s?
9
Let k(p) = 73*p + 25. Let w be k(5). Suppose w = -6*o - 0*o. Let x = o + 141. What is the units digit of x?
6
Let f be 4/1 + ((-7)/1 - -5). Suppose 2*u + 3*k - 242 = 0, -f*u + 214 = -0*k - 4*k. What is the tens digit of u?
1
Suppose 0 = -5*n - 3*k + 12133 + 1903, 2*k + 2815 = n. What is the tens digit of n?
0
Let o(k) = k**3 - 57*k**2 - 361*k + 70. What is the tens digit of o(70)?
0
What is the hundreds digit of (-7224 + 0)*(-7)/(-105)*-10?
8
Let c(r) = -822*r - 3*r**3 - 809*r + 18 + 1612*r - 13*r**2 + 4*r**3. Let n = -6 - -21. What is the tens digit of c(n)?
8
Let x(i) = -2*i**2 + 45*i + 27. Let t be x(21). What is the units digit of (6360/t)/(2/18)?
6
Suppose -29*y - 9886 = -490271. What is the units digit of y?
5
Let u = -645 + 3095. Suppose 129*t - 134*t = -u. What is the hundreds digit of t?
4
Suppose j = -6*j + 42. Suppose -j*h + 6 = -4*h. What is the units digit of h?
3
Let j be 132 - (-8 - (-6 + 1)). Suppose -10*q + 13*q = j. What is the tens digit of q?
4
Suppose 0 = -5*u - 5*k + 2415, -u + 3*k = 4*u - 2399. Suppose -p + 4*y = 9*y - u, -4*y = 5*p - 2426. What is the tens digit of p?
8
Let z(v) = -v**3 - 7*v**2 - 6*v - 1. Let y be z(-6). Let t be -2 + (2/5)/(y/(-5)). Suppose t = -5*q, 3*f + f = q + 212. What is the tens digit of f?
5
What is the thousands digit of -2 + (96 - 2/((-24)/20))*786?
6
Let k = 32 - 22. Suppose y - z = -2*y + 2, 5*y + k = -z. What is the units digit of (4/y)/(14/(-301))?
6
Let l be 2/12 + (-29)/(-6). Suppose w = -3*q - 67, 41 = -3*q + 2*q - l*w. Let f = 27 + q. What is the units digit of f?
6
Let y be ((8 + -8)/6)/((-4)/(-2)). Suppose y = -5*i + 20, -3404 = -4*t - 0*t - 2*i. What is the units digit of t?
9
Let v(u) = -10*u**3 - 3*u**2 + 4. Let p be v(-3). Suppose p = 3*n + 88. Let d = 148 - n. What is the tens digit of d?
9
Suppose 7*h = 5*h. Suppose 4*s - 1262 = -2*u, 3*s + 4*u - 959 = -h*s. What is the units digit of s?
3
Let g = -12100 - -21817. What is the hundreds digit of g?
7
Let p(v) = -453*v - 2852. What is the tens digit of p(-57)?
6
Let r(u) = -947*u + 307. What is the hundreds digit of r(-1)?
2
Suppose -5269*d + 5301*d = 874848. What is the ten thousands digit of d?
2
Suppose 4340*x - 4210*x - 5740280 = 0. What is the units digit of x?
6
Let y(l) = 19*l + 23. Let z be y(-1). What is the hundreds digit of ((-1376)/28)/z*-28?
3
Let y(z) = z**2 + 7*z - 8. Let v be y(-8). Suppose -3 = -4*g - 3*q, v*g + q - 1 = -2*g. What is the units digit of (15 - (g + -4)) + -2?
7
Suppose 2*q + 16 = -0*q. Let w be (-2)/(-6) + ((-26544)/(-18))/q. What is the tens digit of ((189/12)/7)/((-3)/w)?
3
Let n = -77 + 77. Let x be (3 - n)/(((-165)/(-10))/(-11)). What is the hundreds digit of 157/1*((-6)/3)/x?
1
Let h(u) = -72*u - 2. Let i be h(-3). Let x be 11 - (12 + 3 + -7). Suppose x*a = 5*m + 108 + i, -2*m = -8. What is the tens digit of a?
1
Let k = 51 - -604. Suppose k + 2231 = 6*m. What is the tens digit of m?
8
Suppose -49075 = -4*w + 52073. What is the thousands digit of w?
5
Let s be (-18)/27 - 11/(-3). Suppose 60 = s*y - 432. What is the units digit of ((-2)/2)/(-2)*y?
2
Suppose 6*u - 2*u - 73486 - 7486 = 0. What is the hundreds digit of u?
2
Let a(y) = -y**3 - 23*y**2 - 60*y - 5. Let d be a(-20). Let k(g) = 16*g**2 - 2*g - 27. What is the hundreds digit of k(d)?
3
Let v(l) = 4*l**3 + 51*l**2 - 662*l + 14. What is the ten thousands digit of v(14)?
1
Let u(i) be